
{"id":1463,"date":"2026-02-01T11:58:42","date_gmt":"2026-02-01T11:58:42","guid":{"rendered":"https:\/\/www.ipv6council.es\/?page_id=1463"},"modified":"2026-02-02T22:27:42","modified_gmt":"2026-02-02T22:27:42","slug":"documentacion","status":"publish","type":"page","link":"https:\/\/www.ipv6council.es\/index.php\/documentacion\/","title":{"rendered":"Documentacion"},"content":{"rendered":"<p><\/p>\n<figure><\/figure>\n<figure><nav aria-label=\"breadcrumbs\">\n            <div class=\"breadcrumb-container theme1\">\n                <ol>\n                                    <\/ol>\n            <\/div>\n        <\/nav>    <script type=\"application\/ld+json\">\n        {\n            \"@context\": \"http:\/\/schema.org\",\n            \"@type\": \"BreadcrumbList\",\n            \"itemListElement\": [\n                            ]\n        }\n    <\/script>\n   \n    <script>\n            <\/script>\n<\/figure>\n<h2 style=\"text-align: center;\"><span style=\"color: #0000ff;\">Documentaci\u00f3n<\/span><\/h2>\n<p>&nbsp;<\/p>\n<p>Secci\u00f3n en construcci\u00f3n.<\/p>\n<figure class=\"wp-block-media-text__media\"><\/figure>\n<p><\/p>","protected":false},"excerpt":{"rendered":"<p>Documentaci\u00f3n &nbsp; Secci\u00f3n en construcci\u00f3n.<\/p>\n","protected":false},"author":1,"featured_media":0,"parent":0,"menu_order":0,"comment_status":"closed","ping_status":"closed","template":"","meta":{"neve_meta_sidebar":"","neve_meta_container":"","neve_meta_enable_content_width":"off","neve_meta_content_width":100,"neve_meta_title_alignment":"","neve_meta_author_avatar":"","neve_post_elements_order":"","neve_meta_disable_header":"","neve_meta_disable_footer":"","neve_meta_disable_title":"on"},"_links":{"self":[{"href":"https:\/\/www.ipv6council.es\/index.php\/wp-json\/wp\/v2\/pages\/1463"}],"collection":[{"href":"https:\/\/www.ipv6council.es\/index.php\/wp-json\/wp\/v2\/pages"}],"about":[{"href":"https:\/\/www.ipv6council.es\/index.php\/wp-json\/wp\/v2\/types\/page"}],"author":[{"embeddable":true,"href":"https:\/\/www.ipv6council.es\/index.php\/wp-json\/wp\/v2\/users\/1"}],"replies":[{"embeddable":true,"href":"https:\/\/www.ipv6council.es\/index.php\/wp-json\/wp\/v2\/comments?post=1463"}],"version-history":[{"count":3,"href":"https:\/\/www.ipv6council.es\/index.php\/wp-json\/wp\/v2\/pages\/1463\/revisions"}],"predecessor-version":[{"id":1665,"href":"https:\/\/www.ipv6council.es\/index.php\/wp-json\/wp\/v2\/pages\/1463\/revisions\/1665"}],"wp:attachment":[{"href":"https:\/\/www.ipv6council.es\/index.php\/wp-json\/wp\/v2\/media?parent=1463"}],"curies":[{"name":"wp","href":"https:\/\/api.w.org\/{rel}","templated":true}]}}