
{"id":573,"date":"2023-01-17T17:50:54","date_gmt":"2023-01-17T17:50:54","guid":{"rendered":"http:\/\/www.ipv6council.es\/?page_id=573"},"modified":"2026-02-02T22:38:20","modified_gmt":"2026-02-02T22:38:20","slug":"cloud-aws","status":"publish","type":"page","link":"https:\/\/www.ipv6council.es\/index.php\/cloud-aws\/","title":{"rendered":"Cloud-AWS"},"content":{"rendered":"<p>&nbsp;<\/p>\r\n<nav aria-label=\"breadcrumbs\">\n            <div class=\"breadcrumb-container theme1\">\n                <ol>\n                                    <\/ol>\n            <\/div>\n        <\/nav>    <script type=\"application\/ld+json\">\n        {\n            \"@context\": \"http:\/\/schema.org\",\n            \"@type\": \"BreadcrumbList\",\n            \"itemListElement\": [\n                            ]\n        }\n    <\/script>\n   \n    <script>\n            <\/script>\n\r\n<h2 style=\"text-align: center;\"><span style=\"color: #0000ff;\">Cloud AWS<\/span><\/h2>\r\n\r\n\r\n\r\n\r\n\r\n<p>AWS es el l\u00edder indiscutible en la introducci\u00f3n de IPv6 en las nubes p\u00fablicas y adem\u00e1s uno de los agentes de Internet que m\u00e1s est\u00e1 impulsando la adopci\u00f3n d IPv6 en general y en particular para entornos corporativos.<\/p>\r\n\r\n\r\n\r\n<p>Son muchos los anuncios de soporte en servicios y herramientas que AWS ha hecho en los \u00faltimos tiempos, tanto para escenarios de adopci\u00f3n de IPv6, como para escenarios de IPv6-only prescindiendo totalmente de IPv4.<\/p>\r\n\r\n\r\n\r\n<p>Algunos de los recursos que merece la pena tener en cuenta son:<\/p>\r\n\r\n\r\n\r\n<p>La p\u00e1gina principal de <a href=\"https:\/\/docs.aws.amazon.com\/whitepapers\/latest\/ipv6-on-aws\/internet-protocol-version-6.html\">IPv6 en AWS<\/a>.<\/p>\r\n\r\n\r\n\r\n<p>AWS Reinvent 2022: <a href=\"https:\/\/d1.awsstatic.com\/events\/Summits\/reinvent2022\/NET210_Begin-your-IPv6-journey-on-AWS-.pdf\">Begin your IPv6 journey on AWS<\/a><\/p>\r\n\r\n\r\n\r\n<p>Whitepaper (Oct-2021) Best-practises y Estrategias: <a href=\"https:\/\/docs.aws.amazon.com\/whitepapers\/latest\/ipv6-on-aws\/IPv6-on-AWS.html\">IPv6 on AWS <\/a>\u00a0<\/p>\r\n\r\n\r\n\r\n<p>&nbsp;<\/p>\r\n\r\n\r\n\r\n<p>&nbsp;<\/p>\r\n<p>&nbsp;<\/p>","protected":false},"excerpt":{"rendered":"<p>&nbsp; Cloud AWS AWS es el l\u00edder indiscutible en la introducci\u00f3n de IPv6 en las nubes p\u00fablicas y adem\u00e1s uno de los agentes de Internet que m\u00e1s est\u00e1 impulsando la adopci\u00f3n d IPv6 en general y en particular para entornos corporativos. Son muchos los anuncios de soporte en servicios y herramientas que AWS ha hecho&hellip;&nbsp;<a href=\"https:\/\/www.ipv6council.es\/index.php\/cloud-aws\/\" rel=\"bookmark\"><span class=\"screen-reader-text\">Cloud-AWS<\/span><\/a><\/p>\n","protected":false},"author":1,"featured_media":0,"parent":0,"menu_order":0,"comment_status":"closed","ping_status":"closed","template":"","meta":{"neve_meta_sidebar":"","neve_meta_container":"","neve_meta_enable_content_width":"off","neve_meta_content_width":100,"neve_meta_title_alignment":"","neve_meta_author_avatar":"","neve_post_elements_order":"","neve_meta_disable_header":"","neve_meta_disable_footer":"","neve_meta_disable_title":"on"},"_links":{"self":[{"href":"https:\/\/www.ipv6council.es\/index.php\/wp-json\/wp\/v2\/pages\/573"}],"collection":[{"href":"https:\/\/www.ipv6council.es\/index.php\/wp-json\/wp\/v2\/pages"}],"about":[{"href":"https:\/\/www.ipv6council.es\/index.php\/wp-json\/wp\/v2\/types\/page"}],"author":[{"embeddable":true,"href":"https:\/\/www.ipv6council.es\/index.php\/wp-json\/wp\/v2\/users\/1"}],"replies":[{"embeddable":true,"href":"https:\/\/www.ipv6council.es\/index.php\/wp-json\/wp\/v2\/comments?post=573"}],"version-history":[{"count":3,"href":"https:\/\/www.ipv6council.es\/index.php\/wp-json\/wp\/v2\/pages\/573\/revisions"}],"predecessor-version":[{"id":1676,"href":"https:\/\/www.ipv6council.es\/index.php\/wp-json\/wp\/v2\/pages\/573\/revisions\/1676"}],"wp:attachment":[{"href":"https:\/\/www.ipv6council.es\/index.php\/wp-json\/wp\/v2\/media?parent=573"}],"curies":[{"name":"wp","href":"https:\/\/api.w.org\/{rel}","templated":true}]}}